{"id":54,"date":"2023-12-21T21:38:46","date_gmt":"2023-12-21T20:38:46","guid":{"rendered":"https:\/\/marihuana.earth\/?page_id=54"},"modified":"2023-12-23T19:18:32","modified_gmt":"2023-12-23T18:18:32","slug":"cbd","status":"publish","type":"page","link":"https:\/\/marihuana.earth\/?page_id=54","title":{"rendered":"CBD"},"content":{"rendered":"\n    \n    <section class=\"u-carousel u-slide u-valign-middle u-block-ad0d-1\" id=\"carousel-9f53\" data-interval=\"5000\" data-u-ride=\"carousel\">\n      <ol class=\"u-absolute-hcenter u-carousel-indicators u-block-ad0d-2\">\n        <li data-u-target=\"#carousel-9f53\" class=\"u-active u-grey-30\" data-u-slide-to=\"0\"><\/li>\n      <\/ol>\n      <div class=\"u-carousel-inner\" role=\"listbox\">\n        <div class=\"u-active u-align-center u-carousel-item u-clearfix u-image u-shading u-section-2-1\" src=\"\" data-image-width=\"1920\" data-image-height=\"1280\" style=\"background-image: linear-gradient(0deg, rgba(0, 0, 0, 0.4), rgba(0, 0, 0, 0.4)), url(&quot;https:\/\/marihuana.earth\/wp-content\/uploads\/2023\/12\/mbr-7-2.jpg&quot;);\">\n          <div class=\"u-clearfix u-sheet u-sheet-1\"><\/div>\n        <\/div>\n      <\/div>\n      <a class=\"u-absolute-vcenter u-black u-carousel-control u-carousel-control-prev u-hidden u-icon-circle u-text-palette-2-base u-block-ad0d-3\" href=\"#carousel-9f53\" role=\"button\" data-u-slide=\"prev\">\n        <span aria-hidden=\"true\">\n          <svg viewBox=\"0 0 129 129\"><path d=\"m64.5,122.6c32,0 58.1-26 58.1-58.1s-26-58-58.1-58-58,26-58,58 26,58.1 58,58.1zm0-108c27.5,5.32907e-15 49.9,22.4 49.9,49.9s-22.4,49.9-49.9,49.9-49.9-22.4-49.9-49.9 22.4-49.9 49.9-49.9z\"><\/path><path d=\"m70,93.5c0.8,0.8 1.8,1.2 2.9,1.2 1,0 2.1-0.4 2.9-1.2 1.6-1.6 1.6-4.2 0-5.8l-23.5-23.5 23.5-23.5c1.6-1.6 1.6-4.2 0-5.8s-4.2-1.6-5.8,0l-26.4,26.4c-0.8,0.8-1.2,1.8-1.2,2.9s0.4,2.1 1.2,2.9l26.4,26.4z\"><\/path><\/svg>\n        <\/span>\n        <span class=\"sr-only\">\n          <svg viewBox=\"0 0 129 129\"><path d=\"m64.5,122.6c32,0 58.1-26 58.1-58.1s-26-58-58.1-58-58,26-58,58 26,58.1 58,58.1zm0-108c27.5,5.32907e-15 49.9,22.4 49.9,49.9s-22.4,49.9-49.9,49.9-49.9-22.4-49.9-49.9 22.4-49.9 49.9-49.9z\"><\/path><path d=\"m70,93.5c0.8,0.8 1.8,1.2 2.9,1.2 1,0 2.1-0.4 2.9-1.2 1.6-1.6 1.6-4.2 0-5.8l-23.5-23.5 23.5-23.5c1.6-1.6 1.6-4.2 0-5.8s-4.2-1.6-5.8,0l-26.4,26.4c-0.8,0.8-1.2,1.8-1.2,2.9s0.4,2.1 1.2,2.9l26.4,26.4z\"><\/path><\/svg>\n        <\/span>\n      <\/a>\n      <a class=\"u-black u-carousel-control u-carousel-control-next u-hidden u-icon-circle u-text-palette-2-base u-block-ad0d-4\" href=\"#carousel-9f53\" role=\"button\" data-u-slide=\"next\">\n        <span aria-hidden=\"true\">\n          <svg viewBox=\"0 0 129 129\"><path d=\"M64.5,122.6c32,0,58.1-26,58.1-58.1S96.5,6.4,64.5,6.4S6.4,32.5,6.4,64.5S32.5,122.6,64.5,122.6z M64.5,14.6    c27.5,0,49.9,22.4,49.9,49.9S92,114.4,64.5,114.4S14.6,92,14.6,64.5S37,14.6,64.5,14.6z\"><\/path><path d=\"m51.1,93.5c0.8,0.8 1.8,1.2 2.9,1.2 1,0 2.1-0.4 2.9-1.2l26.4-26.4c0.8-0.8 1.2-1.8 1.2-2.9 0-1.1-0.4-2.1-1.2-2.9l-26.4-26.4c-1.6-1.6-4.2-1.6-5.8,0-1.6,1.6-1.6,4.2 0,5.8l23.5,23.5-23.5,23.5c-1.6,1.6-1.6,4.2 0,5.8z\"><\/path><\/svg>\n        <\/span>\n        <span class=\"sr-only\">\n          <svg viewBox=\"0 0 129 129\"><path d=\"M64.5,122.6c32,0,58.1-26,58.1-58.1S96.5,6.4,64.5,6.4S6.4,32.5,6.4,64.5S32.5,122.6,64.5,122.6z M64.5,14.6    c27.5,0,49.9,22.4,49.9,49.9S92,114.4,64.5,114.4S14.6,92,14.6,64.5S37,14.6,64.5,14.6z\"><\/path><path d=\"m51.1,93.5c0.8,0.8 1.8,1.2 2.9,1.2 1,0 2.1-0.4 2.9-1.2l26.4-26.4c0.8-0.8 1.2-1.8 1.2-2.9 0-1.1-0.4-2.1-1.2-2.9l-26.4-26.4c-1.6-1.6-4.2-1.6-5.8,0-1.6,1.6-1.6,4.2 0,5.8l23.5,23.5-23.5,23.5c-1.6,1.6-1.6,4.2 0,5.8z\"><\/path><\/svg>\n        <\/span>\n      <\/a>\n    <\/section>\n    <section class=\"u-clearfix u-palette-3-base u-section-3\" id=\"sec-3ce5\">\n      <div class=\"u-clearfix u-sheet u-valign-middle u-sheet-1\">\n        <h3 class=\"u-text u-text-1\">CBD \ud83d\ude42<\/h3>\n        <p class=\"u-text u-text-2\"> Jest on cz\u0119sto opisywany w mediach i mo\u017cna go zobaczy\u0107 dodawanego do porannej kawy, herbaty lub ciastek. Mo\u017cna nawet kupi\u0107 krem na noc z CBD. Ale czym dok\u0142adnie jest CBD? I dlaczego jest tak popularny?<br>\n          <br>Lek na recept\u0119 Sativex, kt\u00f3ry zawiera CBD jako sk\u0142adnik aktywny, jest zatwierdzony do leczenia spastyczno\u015bci mi\u0119\u015bni zwi\u0105zanej ze stwardnieniem rozsianym i b\u00f3lami nowotworowymi.<br>\n          <br>MedicoHemp<br>27 maja 2020 r. \n        <\/p>\n      <\/div>\n    <\/section>\n    <section class=\"u-clearfix u-palette-3-base u-section-4\" id=\"carousel_9dcd\">\n      <div class=\"u-clearfix u-sheet u-valign-middle u-sheet-1\">\n        <h3 class=\"u-text u-text-1\"> (CBD) Kannabidiol: kr\u00f3tki przegl\u0105d.<\/h3>\n        <p class=\"u-text u-text-2\">\n          <span style=\"font-weight: 700;\"><\/span>Czym r\u00f3\u017cni si\u0119 kannabidiol od marihuany, konopi i trawy. \"zio\u0142a\"?<br>\n          <br>CBD, czyli kannabidiol, to drugi pod wzgl\u0119dem zawarto\u015bci sk\u0142adnik aktywny konopi (marihuany). CBD jest podstawowym sk\u0142adnikiem medycznej marihuany i jest pozyskiwany bezpo\u015brednio z ro\u015bliny konopnej - \"wewn\u0119trznego\" kuzyna marihuany. CBD, jako jeden z setek sk\u0142adnik\u00f3w marihuany, sam w sobie nie powoduje \"haju\". Wed\u0142ug raportu \u015awiatowej Organizacji Zdrowia \"CBD nie wykazuje u ludzi skutk\u00f3w, kt\u00f3re wskazywa\u0142yby na mo\u017cliwo\u015b\u0107 nadu\u017cywania lub uzale\u017cnienia\". .... Do tej pory nie ma dowod\u00f3w na istnienie problem\u00f3w zdrowotnych zwi\u0105zanych ze stosowaniem czystego CBD.<br>\n          <br>\n          <span style=\"font-style: italic;\">Opracowane przez \u0141u\u017cyckie Konopie<\/span>\n          <br>\n          <br>\n          <span style=\"font-weight: 700;\">Czy kannabidiol (CBD) jest legalny?<\/span>\n          <br>\n          <br>Zgodnie z przepisami Unii Europejskiej maksymalne dopuszczalne st\u0119\u017cenie THC jako substancji psychoaktywnej musi wynosi\u0107 poni\u017cej 0,2%. Jak ju\u017c pisali\u015bmy, olejki te s\u0105 bogate w CBD, kt\u00f3re nie ma w\u0142a\u015bciwo\u015bci psychoaktywnych, a zawarto\u015b\u0107 THC jest znikoma, co sprawia, \u017ce mo\u017cna je sprzedawa\u0107, kupowa\u0107 i stosowa\u0107 zgodnie z prawem bez obawy o konflikt z prawem.<br>Pami\u0119tajmy te\u017c, \u017ce je\u015bli si\u0119gamy po takie produkty po raz pierwszy i nie do ko\u0144ca wiemy, kt\u00f3ry z nich wybra\u0107 i jak go stosowa\u0107, powinni\u015bmy skonsultowa\u0107 si\u0119 ze sprzedawc\u0105 lub innym ekspertem w tej dziedzinie, zamiast eksperymentowa\u0107 z w\u0142asnym zdrowiem, mimo \u017ce CBD jest uwa\u017cane za substancj\u0119 bezpieczn\u0105.<br>Opracowane przez MedicoHemp 27 maja 2020 r.<br>\n          <br>\n          <span style=\"font-weight: 700;\">Dowody na korzystne dzia\u0142anie kannabidiolu na zdrowie.<\/span>\n          <br>CBD jest uwa\u017cane za lek na wiele problem\u00f3w zdrowotnych, ale najsilniejsze dowody naukowe potwierdzaj\u0105 jego skuteczno\u015b\u0107 w leczeniu niekt\u00f3rych z najci\u0119\u017cszych zespo\u0142\u00f3w padaczki dzieci\u0119cej, takich jak zesp\u00f3\u0142 Dravet i zesp\u00f3\u0142 Lennoxa-Gastauta (LGS), kt\u00f3re zwykle nie reaguj\u0105 na leki przeciwpadaczkowe. W licznych badaniach CBD by\u0142 w stanie zmniejszy\u0107 liczb\u0119 napad\u00f3w, a w niekt\u00f3rych przypadkach nawet ca\u0142kowicie im zapobiec. Epidiolex, zawieraj\u0105cy CBD, jest pierwszym lekiem na bazie konopi, kt\u00f3ry zosta\u0142 zatwierdzony przez FDA do leczenia tych schorze\u0144.<br>\n          <br>Badania na zwierz\u0119tach, doniesienia w\u0142asne i badania z udzia\u0142em ludzi sugeruj\u0105, \u017ce CBD mo\u017ce r\u00f3wnie\u017c pomaga\u0107 w leczeniu:<br>\n          <span style=\"font-weight: 700;\">L\u0119k<\/span> - badania kliniczne sprawdzaj\u0105 powszechne doniesienia, \u017ce CBD mo\u017ce zmniejsza\u0107 l\u0119k.<br>\n          <span style=\"font-weight: 700;\">Bezsenno\u015b\u0107<\/span> - CBD mo\u017ce pom\u00f3c zar\u00f3wno w zasypianiu, jak i utrzymaniu snu.<br>\n          <span style=\"font-weight: 700;\">B\u00f3l przewlek\u0142y <\/span>- potrzeba wi\u0119cej bada\u0144 na ludziach, aby potwierdzi\u0107 twierdzenia, \u017ce CBD pomaga w u\u015bmierzaniu b\u00f3lu. Badanie na zwierz\u0119tach opublikowane w European Journal of Pain sugeruje, \u017ce CBD, stosowane na sk\u00f3r\u0119, mo\u017ce \u0142agodzi\u0107 b\u00f3l i stan zapalny wywo\u0142any zapaleniem staw\u00f3w. Inne badania pokazuj\u0105, jak CBD mo\u017ce hamowa\u0107 trudny do leczenia b\u00f3l zapalny i neuropatyczny.<br>\n          <span style=\"font-weight: 700;\">Uzale\u017cnienia<\/span> - CBD mo\u017ce w pewnych warunkach zmniejsza\u0107 g\u0142\u00f3d tytoniowy i heroinowy, co wykaza\u0142y niekt\u00f3re badania z udzia\u0142em ludzi. Modele zwierz\u0119ce uzale\u017cnie\u0144 sugeruj\u0105, \u017ce mo\u017ce ona r\u00f3wnie\u017c zmniejsza\u0107 g\u0142\u00f3d alkoholu, marihuany, opiat\u00f3w i \u015brodk\u00f3w pobudzaj\u0105cych.<br>\n          <br>\n          <span style=\"font-weight: 700;\">Jak mo\u017cna przyjmowa\u0107 CBD?<\/span>\n          <br>CBD wyst\u0119puje w wielu postaciach, takich jak oleje, ekstrakty, kapsu\u0142ki, plastry, vapes i preparaty do stosowania miejscowego na sk\u00f3r\u0119. Je\u015bli chcesz zahamowa\u0107 stan zapalny i z\u0142agodzi\u0107 b\u00f3l mi\u0119\u015bni i staw\u00f3w, olejki, balsamy lub kremy zawieraj\u0105ce CBD - a nawet bomby do k\u0105pieli - mog\u0105 by\u0107 najlepszym wyborem dla Ciebie. CBD mo\u017cna r\u00f3wnie\u017c podawa\u0107 bezpo\u015brednio do krwiobiegu za pomoc\u0105 plastr\u00f3w CBC, nalewek lub spray\u00f3w umieszczanych pod j\u0119zykiem.<br>\n          <br>Lek na recept\u0119 Sativex, kt\u00f3ry zawiera CBD jako sk\u0142adnik aktywny, jest zatwierdzony do leczenia spastyczno\u015bci mi\u0119\u015bni zwi\u0105zanej ze stwardnieniem rozsianym i b\u00f3lami nowotworowymi.<br>\n          <br>\n          <span style=\"font-style: italic;\">Przygotowane przez Health Harvard Medical School<br>Harvard Medical and Health School - 24 wrze\u015bnia 2021 r. \n          <\/span>\n        <\/p>\n      <\/div>\n    <\/section>\n    \n    \n    \n  \n","protected":false},"excerpt":{"rendered":"<p>CBD \ud83d\ude42 Jest on cz\u0119sto opisywany w mediach i mo\u017cna go zobaczy\u0107 dodawanego do porannej kawy, herbaty lub ciastek. Mo\u017cna nawet kupi\u0107 krem na noc z CBD. Ale czym dok\u0142adnie jest CBD? I dlaczego jest tak popularny? Lek na recept\u0119 Sativex, kt\u00f3ry zawiera CBD jako sk\u0142adnik aktywny, jest zatwierdzony do leczenia spastyczno\u015bci mi\u0119\u015bni zwi\u0105zanej ze &hellip; <a href=\"https:\/\/marihuana.earth\/?page_id=54\" class=\"more-link\">Continue reading<span class=\"screen-reader-text\"> &#8222;CBD&#8221;<\/span><\/a><\/p>\n","protected":false},"author":1,"featured_media":0,"parent":0,"menu_order":3,"comment_status":"closed","ping_status":"closed","template":"","meta":{"footnotes":""},"class_list":["post-54","page","type-page","status-publish","hentry"],"_links":{"self":[{"href":"https:\/\/marihuana.earth\/index.php?rest_route=\/wp\/v2\/pages\/54","targetHints":{"allow":["GET"]}}],"collection":[{"href":"https:\/\/marihuana.earth\/index.php?rest_route=\/wp\/v2\/pages"}],"about":[{"href":"https:\/\/marihuana.earth\/index.php?rest_route=\/wp\/v2\/types\/page"}],"author":[{"embeddable":true,"href":"https:\/\/marihuana.earth\/index.php?rest_route=\/wp\/v2\/users\/1"}],"replies":[{"embeddable":true,"href":"https:\/\/marihuana.earth\/index.php?rest_route=%2Fwp%2Fv2%2Fcomments&post=54"}],"version-history":[{"count":2,"href":"https:\/\/marihuana.earth\/index.php?rest_route=\/wp\/v2\/pages\/54\/revisions"}],"predecessor-version":[{"id":120,"href":"https:\/\/marihuana.earth\/index.php?rest_route=\/wp\/v2\/pages\/54\/revisions\/120"}],"wp:attachment":[{"href":"https:\/\/marihuana.earth\/index.php?rest_route=%2Fwp%2Fv2%2Fmedia&parent=54"}],"curies":[{"name":"wp","href":"https:\/\/api.w.org\/{rel}","templated":true}]}}